of 873.
3, 97
What are the prime factors of 51818?
2, 13, 1993
List the prime factors of 7879.
7879
List the prime factors of 1280.
2, 5
What are the prime factors of 3184?
2, 199
List the prime factors of 3104.
2, 97
What are the prime factors of 14763?
3, 7, 19, 37
List the prime factors of 44347.
61, 727
List the prime factors of 97143.
3, 32381
List the prime factors of 16000.
2, 5
List the prime factors of 1669.
1669
List the prime factors of 6378.
2, 3, 1063
List the prime factors of 31435.
5, 6287
What are the prime factors of 108403?
43, 2521
List the prime factors of 76653.
3, 17, 167
What are the prime factors of 281?
281
List the prime factors of 6842.
2, 11, 311
What are the prime factors of 54943?
7, 47, 167
What are the prime factors of 12371?
89, 139
List the prime factors of 7543.
19, 397
What are the prime factors of 3505?
5, 701
List the prime factors of 22133.
22133
What are the prime factors of 2790?
2, 3, 5, 31
What are the prime factors of 6093?
3, 677
List the prime factors of 10407.
3, 3469
List the prime factors of 2948.
2, 11, 67
What are the prime factors of 31060?
2, 5, 1553
What are the prime factors of 23813?
23813
What are the prime factors of 11311?
11311
What are the prime factors of 55530?
2, 3, 5, 617
What are the prime factors of 62187?
3, 19, 1091
List the prime factors of 3091.
11, 281
What are the prime factors of 218?
2, 109
What are the prime factors of 173?
173
List the prime factors of 79538.
2, 39769
List the prime factors of 627.
3, 11, 19
What are the prime factors of 937?
937
What are the prime factors of 1600?
2, 5
What are the prime factors of 613?
613
What are the prime factors of 164997?
3, 7, 97
What are the prime factors of 629?
17, 37
List the prime factors of 11598.
2, 3, 1933
List the prime factors of 175.
5, 7
What are the prime factors of 97583?
97583
What are the prime factors of 57291?
3, 13, 113
List the prime factors of 4411.
11, 401
What are the prime factors of 35492?
2, 19, 467
What are the prime factors of 7329?
3, 7, 349
What are the prime factors of 15473?
15473
List the prime factors of 32727.
3, 10909
What are the prime factors of 452?
2, 113
List the prime factors of 10651.
10651
What are the prime factors of 30678?
2, 3, 5113
What are the prime factors of 820?
2, 5, 41
What are the prime factors of 370?
2, 5, 37
What are the prime factors of 93361?
89, 1049
What are the prime factors of 244?
2, 61
What are the prime factors of 596?
2, 149
List the prime factors of 97642.
2, 48821
What are the prime factors of 1074?
2, 3, 179
List the prime factors of 6779.
6779
What are the prime factors of 12134?
2, 6067
List the prime factors of 847.
7, 11
List the prime factors of 2037.
3, 7, 97
List the prime factors of 1350.
2, 3, 5
What are the prime factors of 5462?
2, 2731
What are the prime factors of 1431?
3, 53
What are the prime factors of 385?
5, 7, 11
List the prime factors of 3193.
31, 103
List the prime factors of 12146.
2, 6073
List the prime factors of 13867.
7, 283
List the prime factors of 11141.
13, 857
What are the prime factors of 15489?
3, 1721
What are the prime factors of 1367?
1367
List the prime factors of 38560.
2, 5, 241
List the prime factors of 1556.
2, 389
What are the prime factors of 105133?
7, 23, 653
List the prime factors of 1401.
3, 467
What are the prime factors of 1850?
2, 5, 37
What are the prime factors of 125344?
2, 3917
What are the prime factors of 64464?
2, 3, 17, 79
What are the prime factors of 23125?
5, 37
List the prime factors of 1182.
2, 3, 197
What are the prime factors of 78570?
2, 3, 5, 97
What are the prime factors of 742?
2, 7, 53
List the prime factors of 2511.
3, 31
What are the prime factors of 895?
5, 179
What are the prime factors of 695?
5, 139
What are the prime factors of 11589?
3, 3863
List the prime factors of 690.
2, 3, 5, 23
List the prime factors of 8576.
2, 67
List the prime factors of 6114.
2, 3, 1019
What are the prime factors of 20594?
2, 7, 1471
List the prime factors of 27725.
5, 1109
List the prime factors of 2626.
2, 13, 101
What are the prime factors of 21261?
3, 19, 373
What are the prime factors of 94353?
3, 7, 4493
What are the prime factors of 154825?
5, 11, 563
What are the prime factors of 27322?
2, 19, 719
List the prime factors of 39648.
2, 3, 7, 59
List the prime factors of 914.
2, 457
List the prime factors of 17619.
3, 7, 839
What are the prime factors of 3845?
5, 769
What are the prime factors of 53187?
3, 17729
What are the prime factors of 28423?
43, 661
List the prime factors of 2269.
2269
What are the prime factors of 43838?
2, 23, 953
What are the prime factors of 4177?
4177
What are the prime factors of 21652?
2, 5413
List the prime factors of 2958.
2, 3, 17, 29
What are the prime factors of 2406?
2, 3, 401
What are the prime factors of 547?
547
List the prime factors of 1071.
3, 7, 17
What are the prime factors of 57059?
57059
What are the prime factors of 10841?
37, 293
List the prime factors of 167205.
3, 5, 71, 157
List the prime factors of 61950.
2, 3, 5, 7, 59
List the prime factors of 54473.
19, 47, 61
What are the prime factors of 34120?
2, 5, 853
List the prime factors of 10961.
97, 113
List the prime factors of 812.
2, 7, 29
What are the prime factors of 100867?
13, 7759
What are the prime factors of 1874?
2, 937
List the prime factors of 4942.
2, 7, 353
List the prime factors of 1837.
11, 167
What are the prime factors of 850?
2, 5, 17
List the prime factors of 61.
61
What are the prime factors of 167?
167
What are the prime factors of 362?
2, 181
What are the prime factors of 8012?
2, 2003
What are the prime factors of 1410?
2, 3, 5, 47
List the prime factors of 225.
3, 5
What are the prime factors of 920?
2, 5, 23
What are the prime factors of 1560?
2, 3, 5, 13
What are the prime factors of 514?
2, 257
List the prime factors of 1687.
7, 241
What are the prime factors of 1821?
3, 607
What are the prime factors of 164?
2, 41
What are the prime factors of 20341?
20341
What are the prime factors of 32726?
2, 16363
What are the prime factors of 29687?
7, 4241
List the prime factors of 586.
2, 293
What are the prime factors of 30157?
53, 569
What are the prime factors of 1537?
29, 53
What are the prime factors of 9654?
2, 3, 1609
What are the prime factors of 63796?
2, 41, 389
List the prime factors of 20067.
3, 6689
What are the prime factors of 25329?
3, 8443
List the prime factors of 1224.
2, 3, 17
List the prime factors of 4290.
2, 3, 5, 11, 13
What are the prime factors of 580?
2, 5, 29
What are the prime factors of 2012?
2, 503
List the prime factors of 19711.
23, 857
List the prime factors of 9248.
2, 17
List the prime factors of 83282.
2, 41641
What are the prime factors of 1635?
3, 5, 109
List the prime factors of 14207.
14207
List the prime factors of 1005.
3, 5, 67
List the prime factors of 1711.
29, 59
What are the prime factors of 1084?
2, 271
List the prime factors of 916.
2, 229
What are the prime factors of 1748?
2, 19, 23
List the prime factors of 77483.
7, 11069
List the prime factors of 17648.
2, 1103
What are the prime factors of 41257?
41257
List the prime factors of 18.
2, 3
List the prime factors of 4710.
2, 3, 5, 157
What are the prime factors of 4037?
11, 367
What are the prime factors of 3251?
3251
List the prime factors of 82416.
2, 3, 17, 101
List the prime factors of 4241.
4241
What are the prime factors of 821?
821
What are the prime factors of 3473?
23, 151
What are the prime factors of 1420?
2, 5, 71
What are the prime factors of 92204?
2, 7, 37, 89
List the prime factors of 1781.
13, 137
What are the prime factors of 38344?
2, 4793
List the prime factors of 2527.
7, 19
What are the prime factors of 25005?
3, 5, 1667
What are the prime factors of 7658?
2, 7, 547
What are the prime factors of 516?
2, 3, 43
What are the prime factors of 3575?
5, 11, 13
What are the prime factors of 1060?
2, 5, 53
What are the prime factors of 48731?
48731
What are the prime factors of 35682?
2, 3, 19, 313
What are the prime factors of 501?
3, 167
List the prime factors of 1365.
3, 5, 7, 13
List the prime factors of 10630.
2, 5, 1063
List the prime factors of 2503.
2503
What are the prime factors of 102584?
2, 12823
What are the prime factors of 4917?
3, 11, 149
What ar